{"id":2281,"date":"2014-11-25T08:55:34","date_gmt":"2014-11-25T08:55:34","guid":{"rendered":"https:\/\/bkpdefunts.smainternational.info\/?p=2281"},"modified":"2025-02-10T23:11:08","modified_gmt":"2025-02-10T23:11:08","slug":"les-defunts-de-novembre","status":"publish","type":"page","link":"https:\/\/www.defunts.smainternational.site\/?page_id=2281","title":{"rendered":"Novembre"},"content":{"rendered":"<p style=\"text-align: center;\"><strong><span class=\"componentheading\">N\u00e9crologe : novembre \/ Necrology : november<\/span><\/strong><\/p>\n<table style=\"border: 5px solid #990099; margin-left: auto; margin-right: auto;\" cellpadding=\"5\">\n<tbody>\n<tr valign=\"top\">\n<td><strong style=\"line-height: 20px;\">1<\/strong><strong>1980 <a href=\"https:\/\/www.defunts.smainternational.site\/?p=3390\">Jean TH\u00c9PAUT<\/a><\/strong><br \/>\n<strong>1986<a href=\"https:\/\/www.defunts.smainternational.site\/?p=3392\"> Leo OP &lsquo;t HOOG<\/a><\/strong><br \/>\n<strong>2001 <a href=\"https:\/\/www.defunts.smainternational.site\/?p=3394\">Michael J ROONEY<\/a><\/strong><\/td>\n<td><strong style=\"line-height: 20px;\">\u00a0<\/strong><strong style=\"line-height: 20px;\">2<\/strong><strong>1962<a href=\"https:\/\/www.defunts.smainternational.site\/?p=3396\"> John M MONAHAN<\/a><\/strong><br \/>\n<strong>1962<a href=\"https:\/\/www.defunts.smainternational.site\/?p=3398\"> Andr\u00e9 HOMMA<\/a><\/strong><br \/>\n<strong>1986<a href=\"https:\/\/www.defunts.smainternational.site\/?p=3400\"> Pierre KNOPS<\/a><\/strong><br \/>\n<strong>1999 <a href=\"https:\/\/www.defunts.smainternational.site\/?p=3402\">Heinrich LATZ<\/a><\/strong><br \/>\n<strong>2010 <a href=\"https:\/\/www.defunts.smainternational.site\/?p=3404\">John FEENEY<\/a><\/strong><\/td>\n<td><strong style=\"line-height: 20px;\">3<\/strong><strong>1978<a href=\"https:\/\/www.defunts.smainternational.site\/?p=3406\"> Jean JESTIN<\/a><\/strong><br \/>\n<strong>2000 <a href=\"https:\/\/www.defunts.smainternational.site\/?p=3408\">Denis J O&rsquo;DONOVAN<\/a><\/strong><br \/>\n<strong>2004 <a href=\"https:\/\/www.defunts.smainternational.site\/?p=3410\">Jean BAUDUCEL<\/a><\/strong><\/td>\n<td>\n<h4><strong style=\"line-height: 20px;\">4<\/strong><\/h4>\n<p><strong>1955<a href=\"https:\/\/www.defunts.smainternational.site\/?p=3411\"> Piet COMINO<\/a><\/strong><br \/>\n<strong>1962<a href=\"https:\/\/www.defunts.smainternational.site\/?p=3412\"> Patrick F McKENNA<\/a><\/strong><br \/>\n<strong>1993 <a href=\"https:\/\/www.defunts.smainternational.site\/?p=3414\">Jean QUIGNON<\/a><\/strong><br \/>\n<strong>1998 <a href=\"https:\/\/www.defunts.smainternational.site\/?p=3416\">Jean-M GAUTIER<\/a><\/strong><br \/>\n<strong>2007 <a href=\"https:\/\/www.defunts.smainternational.site\/?p=3418\">Henri NEAU<\/a><\/strong><br \/>\n<strong>2008 <a href=\"https:\/\/www.defunts.smainternational.site\/?p=3420\">Johan VERSPEEK<\/a><\/strong><\/td>\n<\/tr>\n<tr valign=\"top\">\n<td><strong>\u00a0<\/strong><strong>5<\/strong><strong>1934 <a href=\"https:\/\/www.defunts.smainternational.site\/?p=3422\">Bernard v LEEUWEN<\/a><\/strong><br \/>\n<strong>1935 <a href=\"https:\/\/www.defunts.smainternational.site\/?p=3423\">Michael O&rsquo;DONOHUE<\/a><\/strong><br \/>\n<strong>1960 <a href=\"https:\/\/www.defunts.smainternational.site\/?p=3425\">Louis van EERD<\/a><\/strong><br \/>\n<strong>1963 <a href=\"https:\/\/www.defunts.smainternational.site\/?p=3427\">Pierre LOOZEN<\/a><\/strong><br \/>\n<strong>1967<a href=\"https:\/\/www.defunts.smainternational.site\/?p=3429\"> J\u00e9r\u00f4me RIEMER<\/a><\/strong><br \/>\n<strong>1973 <a href=\"https:\/\/www.defunts.smainternational.site\/?p=3431\">Pascal COLICHET<\/a><\/strong><br \/>\n<strong>1980 <a href=\"https:\/\/www.defunts.smainternational.site\/?p=3432\">Eug\u00e8ne VENGEANT<\/a><\/strong><br \/>\n<strong>1986 <a href=\"https:\/\/www.defunts.smainternational.site\/?p=3434\">Wim de ROOIJ<\/a><br \/>\n2024 <a href=\"https:\/\/www.defunts.smainternational.site\/?p=5162\">Michael WATERS<\/a><\/strong><\/td>\n<td><strong>6<\/strong><br \/>\n<strong>1889 <a href=\"https:\/\/www.defunts.smainternational.site\/?p=3436\">Julien JAY<\/a><\/strong><br \/>\n<strong>1936<a href=\"https:\/\/www.defunts.smainternational.site\/?p=3438\"> Harrie VUGTS<\/a><\/strong><br \/>\n<strong>1966<a href=\"https:\/\/www.defunts.smainternational.site\/?p=3440\"> Laurent MEERTENS<\/a><\/strong><br \/>\n<strong>1985 <a href=\"https:\/\/www.defunts.smainternational.site\/?p=3442\">Louis KINNANE<\/a><\/strong><br \/>\n<strong>1994 <a href=\"https:\/\/www.defunts.smainternational.site\/?p=3444\">Brendan HANNIFFY<br \/>\n<\/a>2016 <a href=\"https:\/\/www.defunts.smainternational.site\/?p=3824\">Jean PERRIN<\/a><\/strong><\/td>\n<td><strong>\u00a0<\/strong><strong style=\"line-height: 20px;\">7<\/strong><strong>1883 <a href=\"https:\/\/www.defunts.smainternational.site\/?p=3446\">Pierre LEGEAY<\/a><\/strong><br \/>\n<strong>1907<a href=\"https:\/\/www.defunts.smainternational.site\/?p=3447\"> Ferdinand TERRIEN 1<\/a><\/strong><br \/>\n<strong>1935\u00a0<a href=\"https:\/\/www.defunts.smainternational.site\/?p=3449\">Florence O&rsquo;DRISCOLL<\/a> <\/strong><br \/>\n<strong>1962 <a href=\"https:\/\/www.defunts.smainternational.site\/?p=3451\">Joseph CORBEAU<\/a><\/strong><br \/>\n<strong>1974<a href=\"https:\/\/www.defunts.smainternational.site\/?p=3453\"> Th\u00e9ophile BOURSIN<\/a><\/strong><br \/>\n<strong>1977 <a href=\"https:\/\/www.defunts.smainternational.site\/?p=3455\">Lucien KAPPS<\/a><\/strong><br \/>\n<strong>1986<a href=\"https:\/\/www.defunts.smainternational.site\/?p=3457\"> Jean-L ROUMIER<\/a><\/strong><br \/>\n<strong>1995 <a href=\"https:\/\/www.defunts.smainternational.site\/?p=3459\">Joseph MEYER<\/a><\/strong><\/td>\n<td><strong>8<\/strong><br \/>\n<strong>1954 <a href=\"https:\/\/www.defunts.smainternational.site\/?p=3461\">Michel GHALI<\/a><\/strong><br \/>\n<strong>1993 <a href=\"https:\/\/www.defunts.smainternational.site\/?p=3463\">Richard D. VEASEY<\/a><\/strong><br \/>\n<strong>1996<a href=\"https:\/\/www.defunts.smainternational.site\/?p=3465\"> Wim RUIKES<\/a><\/strong><br \/>\n<strong>2004 <a href=\"https:\/\/www.defunts.smainternational.site\/?p=3467\">Jaap OBDAM<\/a><\/strong><br \/>\n<strong>2010<a href=\"https:\/\/www.defunts.smainternational.site\/?p=3469\"> Joseph H\u00c9RY<br \/>\n<\/a>2022 <a href=\"https:\/\/www.defunts.smainternational.site\/?p=3881\">Pierre LEGENDRE<\/a><\/strong><\/td>\n<\/tr>\n<tr valign=\"top\">\n<td><strong>9<\/strong><br \/>\n<strong>1945<a href=\"https:\/\/www.defunts.smainternational.site\/?p=3471\"> Charles LOUXEN<\/a><\/strong><br \/>\n<strong>1989<a href=\"https:\/\/www.defunts.smainternational.site\/?p=3473\"> Andr\u00e9 BODELIER<\/a><\/strong><br \/>\n<strong>1991<a href=\"https:\/\/www.defunts.smainternational.site\/?p=3475\"> Adrie A. van BAAR<br \/>\n<\/a>2018 <a href=\"https:\/\/www.defunts.smainternational.site\/?p=3739\">Jean LEV\u00caQUE<\/a><\/strong><\/td>\n<td><strong>10<\/strong><br \/>\n<strong>1935 <a href=\"https:\/\/www.defunts.smainternational.site\/?p=3477\">J\u00e9r\u00f4me DOLLINGER<\/a><\/strong><\/td>\n<td><strong>11<\/strong><br \/>\n<strong>1907 <a href=\"https:\/\/www.defunts.smainternational.site\/?p=3478\">Antoine CHALUS<\/a><\/strong><br \/>\n<strong>1926<a href=\"https:\/\/www.defunts.smainternational.site\/?p=3479\"> Fran\u00e7ois R\u00c9NIER<\/a><\/strong><br \/>\n<strong>1942 <a href=\"https:\/\/www.defunts.smainternational.site\/?p=3481\">Harrie ROTHOFF<\/a><\/strong><br \/>\n<strong>1961 <a href=\"https:\/\/www.defunts.smainternational.site\/?p=3483\">Ate MONKEL<\/a><\/strong><br \/>\n<strong>1975 <a href=\"https:\/\/www.defunts.smainternational.site\/?p=3485\">James HESSION<br \/>\n<\/a>2014 Jean-Paul GRASSER<\/strong><\/td>\n<td><strong>12<\/strong><br \/>\n<strong>1939 <a href=\"https:\/\/www.defunts.smainternational.site\/?p=3487\">Pierre MONNEY<\/a><\/strong><br \/>\n<strong>1949 <a href=\"https:\/\/www.defunts.smainternational.site\/?p=3489\">Eug\u00e8ne LIEUTAUD<\/a><\/strong><br \/>\n<strong>1967 <a href=\"https:\/\/www.defunts.smainternational.site\/?p=3491\">Jochem BOUMANS<\/a><\/strong><br \/>\n<strong>1975<a href=\"https:\/\/www.defunts.smainternational.site\/?p=3493\"> Brendan DONOHUE<\/a><\/strong><br \/>\n<strong>1991<a href=\"https:\/\/www.defunts.smainternational.site\/?p=3495\"> Benedict M BURKE<\/a><\/strong><br \/>\n<strong>2002 <a href=\"https:\/\/www.defunts.smainternational.site\/?p=3497\">Henry J BELL<\/a><\/strong><br \/>\n<strong>2008 <a href=\"https:\/\/www.defunts.smainternational.site\/?p=3499\">John O&rsquo;MAHONY<\/a><\/strong><\/td>\n<\/tr>\n<tr valign=\"top\">\n<td><strong style=\"line-height: 20px;\">13<\/strong><strong>1911 <a href=\"https:\/\/www.defunts.smainternational.site\/?p=3500\">Giuseppe FERRERIO<\/a><\/strong><br \/>\n<strong>2013<a href=\"https:\/\/www.defunts.smainternational.site\/?p=3502\"> Jacobus SMEELE<\/a><\/strong><\/td>\n<td><strong>14<\/strong><br \/>\n<strong>1948 <a href=\"https:\/\/www.defunts.smainternational.site\/?p=3504\">Ren\u00e9-F GUILCHER<\/a><\/strong><br \/>\n<strong>1985 <a href=\"https:\/\/www.defunts.smainternational.site\/?p=3506\">Benito IBARETTA<br \/>\n<\/a>2018 <a href=\"https:\/\/www.defunts.smainternational.site\/?p=3735\">Pierre BERGOT<\/a><\/strong><\/td>\n<td><strong style=\"line-height: 20px;\">15<br \/>\n<\/strong><strong>1987 <a href=\"https:\/\/www.defunts.smainternational.site\/?p=3508\">Ren\u00e9 GUINOISEAU<br \/>\n<\/a><\/strong><strong>1990 <a href=\"https:\/\/www.defunts.smainternational.site\/?p=3509\">Michael A. WALSH<br \/>\n<\/a><\/strong><strong>1994 <a href=\"https:\/\/www.defunts.smainternational.site\/?p=3511\">+ William MAHONY<br \/>\n<\/a><\/strong><strong>1994 <a href=\"https:\/\/www.defunts.smainternational.site\/?p=3513\">Robert GUCWA<br \/>\n<\/a><\/strong><strong>1996<a href=\"https:\/\/www.defunts.smainternational.site\/?p=3515\"> Louis VIAUD<br \/>\n<\/a><\/strong><strong>1998 <a href=\"https:\/\/www.defunts.smainternational.site\/?p=3517\">Secondo CANTINO<br \/>\n<\/a><\/strong><strong>2010 <a href=\"https:\/\/www.defunts.smainternational.site\/?p=3519\">Pierre MESSNER<\/a><\/strong><\/td>\n<td><strong style=\"line-height: 20px;\">16<\/strong><strong>1931 <a href=\"https:\/\/www.defunts.smainternational.site\/?p=3521\">+ Jean OG\u00c9<\/a><\/strong><br \/>\n<strong>1965<a href=\"https:\/\/www.defunts.smainternational.site\/?p=3523\"> Frits van DIJK<\/a><\/strong><br \/>\n<strong>1979 <a href=\"https:\/\/www.defunts.smainternational.site\/?p=3525\">Alphonsus O&rsquo;SHEA<\/a><\/strong><br \/>\n<strong>1990 <a href=\"https:\/\/www.defunts.smainternational.site\/?p=3527\">Jules BEDAULT<br \/>\n<\/a>2017 <a href=\"https:\/\/www.defunts.smainternational.site\/?p=3753\">Mario BOFFA<\/a><\/strong><\/td>\n<\/tr>\n<tr valign=\"top\">\n<td><strong style=\"line-height: 20px;\">17<\/strong><strong>1898 <a href=\"https:\/\/www.defunts.smainternational.site\/?p=3529\">Joseph PELLAT<\/a><\/strong><br \/>\n<strong>1943 <a href=\"https:\/\/www.defunts.smainternational.site\/?p=3531\">Cl\u00e9ment BANNWARTH<\/a><\/strong><br \/>\n<strong>1944 <a href=\"https:\/\/www.defunts.smainternational.site\/?p=3533\">Victor BURG<\/a><\/strong><\/td>\n<td><strong>18<\/strong><br \/>\n<strong>1989 <a href=\"https:\/\/www.defunts.smainternational.site\/?p=3534\">Harrie SMITS<\/a><\/strong><br \/>\n<strong>2005 <a href=\"https:\/\/www.defunts.smainternational.site\/?p=3536\">Han van VELZEN<\/a><\/strong><\/td>\n<td><strong>19<\/strong><br \/>\n<strong>1896 <a href=\"https:\/\/www.defunts.smainternational.site\/?p=3537\">Henri PONCET<\/a><\/strong><br \/>\n<strong>1911 <a href=\"https:\/\/www.defunts.smainternational.site\/?p=3538\">Isidore-M LOHIER<\/a><\/strong><br \/>\n<strong>1959 <a href=\"https:\/\/www.defunts.smainternational.site\/?p=3540\">Charles ONIMUS<\/a><\/strong><br \/>\n<strong>1966<a href=\"https:\/\/www.defunts.smainternational.site\/?p=3541\"> Eugene McSWEENEY<\/a><\/strong><br \/>\n<strong>1980 <a href=\"https:\/\/www.defunts.smainternational.site\/?p=3543\">Joseph AUJOULAT<\/a><\/strong><br \/>\n<strong>1994<a href=\"https:\/\/www.defunts.smainternational.site\/?p=3545\"> Elisha O&rsquo;SHEA<\/a><\/strong><br \/>\n<strong>1997 <a href=\"https:\/\/www.defunts.smainternational.site\/?p=3547\">Alfred ROPELEWSKI<\/a><\/strong><br \/>\n<strong>2006 <a href=\"https:\/\/www.defunts.smainternational.site\/?p=3549\">John BURKE<\/a><\/strong><br \/>\n<strong>2007<a href=\"https:\/\/www.defunts.smainternational.site\/?p=3551\"> Cornelius GRIFFIN<\/a><\/strong><br \/>\n<strong>2013 <a href=\"https:\/\/www.defunts.smainternational.site\/?p=3553\">Nicolas MOUTERDE<\/a><\/strong><\/td>\n<td><strong style=\"line-height: 20px;\">20<\/strong><strong>1905<a href=\"https:\/\/www.defunts.smainternational.site\/?p=3555\"> + Isidore KLAUSS<\/a><\/strong><br \/>\n<strong>1910 <a href=\"https:\/\/www.defunts.smainternational.site\/?p=3556\">Joseph RIEFFEL<\/a><\/strong><br \/>\n<strong>1960 <a href=\"https:\/\/www.defunts.smainternational.site\/?p=3558\">John MORTON<\/a><\/strong><br \/>\n<strong>1997<a href=\"https:\/\/www.defunts.smainternational.site\/?p=3560\"> Ferdinand v LEEUWEN<\/a><\/strong><br \/>\n<strong>1997<a href=\"https:\/\/www.defunts.smainternational.site\/?p=3562\"> Michel AUFFRAY<\/a><\/strong><br \/>\n<strong>2005 <a href=\"https:\/\/www.defunts.smainternational.site\/?p=3564\">Cornelius O\u2019DRISCOLL<\/a><\/strong><strong>2017\u00a0<a href=\"https:\/\/www.defunts.smainternational.site\/?p=3846\"><span style=\"font-family: Helvetica, sans-serif; font-size: 12px;\">WENDERS, Piet<\/span><\/a><\/strong><\/td>\n<\/tr>\n<tr valign=\"top\">\n<td><strong style=\"line-height: 20px;\">21<\/strong><strong>1968<a href=\"https:\/\/www.defunts.smainternational.site\/?p=3566\"> Kees KOOLEN<\/a><\/strong><br \/>\n<strong>1976 <a href=\"https:\/\/www.defunts.smainternational.site\/?p=3568\">Leo BROUWER<\/a><\/strong><strong><a href=\"index.php?option=com_content&amp;view=article&amp;id=2487;le-pere-joseph-maguire&amp;catid=30&amp;Itemid=301\" target=\"_blank\" rel=\"noopener\"><br \/>\n<\/a>2014\u00a0<a href=\"index.php?option=com_content&amp;view=article&amp;id=2506;le-pere-lambert-meurders&amp;catid=30\">Lambert MEURDERS<br \/>\n<\/a>2016 <a href=\"https:\/\/www.defunts.smainternational.site\/?p=3823\">Joseph MAGUIRE<\/a><\/strong><\/td>\n<td><strong>22<\/strong><br \/>\n<strong>1949 <a href=\"https:\/\/www.defunts.smainternational.site\/?p=3585\">John AHERN<\/a><\/strong><br \/>\n<strong>1995 <a href=\"https:\/\/www.defunts.smainternational.site\/?p=3587\">Joseph GARNIER<\/a><\/strong><br \/>\n<strong>2003 <a href=\"https:\/\/www.defunts.smainternational.site\/?p=3588\">Thomas V BLEE<br \/>\n<\/a>2016\u00a0<a href=\"https:\/\/www.defunts.smainternational.site\/?p=3719\">Dominique PEIRSEGAELE<\/a><\/strong><\/td>\n<td><strong>23<\/strong><br \/>\n<strong>1906 <a href=\"https:\/\/www.defunts.smainternational.site\/?p=3589\">Patrick SHEEHAN<\/a><\/strong><br \/>\n<strong>1926 <a href=\"https:\/\/www.defunts.smainternational.site\/?p=3591\">Joseph HUBSTER<\/a><\/strong><br \/>\n<strong>1972 <a href=\"https:\/\/www.defunts.smainternational.site\/?p=3593\">Adolphe SAUBAN<\/a><\/strong><br \/>\n<strong>1988 <a href=\"https:\/\/www.defunts.smainternational.site\/?p=3595\">Jeremiah CADOGAN<br \/>\n<\/a>2016<a href=\"https:\/\/www.defunts.smainternational.site\/?p=3701\"> Michel BERTONNEAU<\/a><\/strong><\/td>\n<td><strong>24<\/strong><br \/>\n<strong>1966 <a href=\"https:\/\/www.defunts.smainternational.site\/?p=3597\">Aloyse BLOND\u00c9<\/a><\/strong><br \/>\n<strong>1989 <a href=\"https:\/\/www.defunts.smainternational.site\/?p=3599\">Thomas MORAN<\/a><\/strong><br \/>\n<strong>1996 <a href=\"https:\/\/www.defunts.smainternational.site\/?p=3601\">Hubert JACOBI<\/a><\/strong><br \/>\n<strong>2004 <a href=\"https:\/\/www.defunts.smainternational.site\/?p=3603\">John F HANNON<\/a><\/strong><br \/>\n<strong>2006 <a href=\"https:\/\/www.defunts.smainternational.site\/?p=3605\">Salvat MARCARIE<br \/>\n<\/a>2011 <a href=\"https:\/\/www.defunts.smainternational.site\/?p=3822\">\u00c9douard D\u00c9M\u00c9RL\u00c9<\/a><\/strong><\/td>\n<\/tr>\n<tr valign=\"top\">\n<td><strong>25<\/strong><strong>1902 <a href=\"https:\/\/www.defunts.smainternational.site\/?p=3606\">Th\u00e9odore MESTER<\/a><\/strong><br \/>\n<strong>1962 <a href=\"https:\/\/www.defunts.smainternational.site\/?p=3608\">Robert PAULUS<\/a><\/strong><br \/>\n<strong>1966 <a href=\"https:\/\/www.defunts.smainternational.site\/?p=3610\">Ren\u00e9 MARZIN<\/a><\/strong><br \/>\n<strong>2004 <a href=\"https:\/\/www.defunts.smainternational.site\/?p=3614\">Gianfranco BRIGNONE<\/a><\/strong>2022 <a href=\"https:\/\/www.defunts.smainternational.site\/?p=4571\">Eugenio BASSO<\/a><\/td>\n<td><strong>\u00a0<\/strong><strong>26<\/strong><strong>1885 <a href=\"https:\/\/www.defunts.smainternational.site\/?p=3616\">Vicente BERENGUER<\/a><\/strong><br \/>\n<strong>1959 <a href=\"https:\/\/www.defunts.smainternational.site\/?p=3618\">Eug\u00e8ne SCHAEFFER<\/a><\/strong><br \/>\n<strong>1960 <a href=\"https:\/\/www.defunts.smainternational.site\/?p=3620\">Gerard van ROOIJ<\/a><\/strong><br \/>\n<strong>2000 <a href=\"https:\/\/www.defunts.smainternational.site\/?p=3622\">James HICKEY<\/a><a href=\"index.php?option=com_content&amp;view=article&amp;id=2540;le-pere-mario-boffa&amp;catid=30\"><br \/>\n<\/a><\/strong><strong>2003\u00a0<a href=\"https:\/\/www.defunts.smainternational.site\/?p=3612\">Sean O\u2019CONNELL<\/a><\/strong><\/td>\n<td><strong>27<\/strong><br \/>\n<strong>1906 Patrick SHEEHAN<br \/>\n1937 <a href=\"https:\/\/www.defunts.smainternational.site\/?p=3624\">Jules NEU<\/a><\/strong><br \/>\n<strong>1965 <a href=\"https:\/\/www.defunts.smainternational.site\/?p=3626\">Jan VERHAGEN<\/a><\/strong><br \/>\n<strong>1968 <a href=\"https:\/\/www.defunts.smainternational.site\/?p=3628\">Aloyse RIEGERT<\/a><\/strong><br \/>\n<strong>1974 <a href=\"index.php?option=com_content&amp;view=article&amp;id=2416;muckensturm&amp;catid=30&amp;Itemid=301\">Joseph MUCKENSTURM<\/a><\/strong><br \/>\n<strong>2011 <a href=\"index.php?option=com_content&amp;view=article&amp;id=2417;boucher&amp;catid=30&amp;Itemid=301\">Charles-Henri BOUCHER<\/a><\/strong><\/td>\n<td><strong>28<\/strong><br \/>\n<strong>1961 <a href=\"index.php?option=com_content&amp;view=article&amp;id=2418;matthews&amp;catid=30&amp;Itemid=301\">Alexander MATTHEWS<\/a><\/strong><br \/>\n<strong>1968 <a href=\"index.php?option=com_content&amp;view=article&amp;id=2419;tobin&amp;catid=30&amp;Itemid=301\">James TOBIN<\/a><br \/>\n2024 <a href=\"https:\/\/www.defunts.smainternational.site\/?s=Fr.+Martin+Ohare\">Martin O&rsquo;HARE<\/a><\/strong><\/td>\n<\/tr>\n<tr valign=\"top\">\n<td><strong style=\"line-height: 20px;\">29<\/strong><strong>1874 <a href=\"index.php?option=com_content&amp;view=article&amp;id=2420;dubosq&amp;catid=30&amp;Itemid=301\">Edouard DUBOSQ<\/a><\/strong><br \/>\n<strong>1900 <a href=\"index.php?option=com_content&amp;view=article&amp;id=2421;simplex&amp;catid=30&amp;Itemid=301\">Joseph SIMPLEX<\/a><\/strong><br \/>\n<strong>1942 <a href=\"index.php?option=com_content&amp;view=article&amp;id=2422;villevaud&amp;catid=30&amp;Itemid=301\">Francis VILLEVAUD<\/a><\/strong><br \/>\n<strong>1976 <a href=\"index.php?option=com_content&amp;view=article&amp;id=2423;rothoff&amp;catid=30&amp;Itemid=301\">Frans ROTHOFF<br \/>\n<\/a>2009 Bernard MARIANSKI<\/strong><\/td>\n<td><strong style=\"line-height: 20px;\">30<\/strong><strong>1863 <a href=\"index.php?option=com_content&amp;view=article&amp;id=2424;fernandez&amp;catid=30&amp;Itemid=301\">Francisco FERNANDEZ<\/a><\/strong><br \/>\n<strong>1870 <a href=\"index.php?option=com_content&amp;view=article&amp;id=2425;petit&amp;catid=30&amp;Itemid=301\">Andr\u00e9 PETIT<\/a><\/strong><br \/>\n<strong>1909 <a href=\"index.php?option=com_content&amp;view=article&amp;id=2426;hamard&amp;catid=30&amp;Itemid=301\">+ Alexandre HAMARD<\/a><\/strong><br \/>\n<strong>1913 <a href=\"index.php?option=com_content&amp;view=article&amp;id=2427;beisson&amp;catid=30&amp;Itemid=301\">Pierre BEISSON<\/a><\/strong><br \/>\n<strong>1935 <a href=\"index.php?option=com_content&amp;view=article&amp;id=2428;peter&amp;catid=30&amp;Itemid=301\">Eug\u00e8ne PETER<\/a><\/strong><br \/>\n<strong>1940 <a href=\"index.php?option=com_content&amp;view=article&amp;id=2429;gandt&amp;catid=30&amp;Itemid=301\">Germain de GANDT<\/a><\/strong><br \/>\n<strong>1970 <a href=\"index.php?option=com_content&amp;view=article&amp;id=2430;jauffrit&amp;catid=30&amp;Itemid=301\">Edmond JAUFFRIT<\/a><\/strong><br \/>\n<strong>1971 <a href=\"index.php?option=com_content&amp;view=article&amp;id=2431;tolan&amp;catid=30&amp;Itemid=301\">Patrick TOLAN<\/a><\/strong><br \/>\n<strong>1977 <a href=\"https:\/\/www.defunts.smainternational.site\/?p=3583\">Roger DUQUESNE<\/a><\/strong><br \/>\n<strong>1983 <a href=\"https:\/\/www.defunts.smainternational.site\/?p=3581\">Hubert van GASTEL<\/a><\/strong><br \/>\n<strong>1988 <a href=\"https:\/\/www.defunts.smainternational.site\/?p=3579\">Jean-B. AUDRAIN<\/a><\/strong><br \/>\n<strong>1992 <a href=\"https:\/\/www.defunts.smainternational.site\/?p=3577\">Joseph MULLINS<\/a><\/strong><br \/>\n<strong>2009 <a href=\"https:\/\/www.defunts.smainternational.site\/?p=3575\">Eug\u00e8ne DUCASTAING<\/a><\/strong><\/td>\n<td><strong>\u00a0<\/strong><strong>\u00a0<\/strong><\/td>\n<td><strong>\u00a0<\/strong><\/td>\n<\/tr>\n<\/tbody>\n<\/table>\n<p style=\"text-align: center;\"><strong>\u00a0<\/strong><\/p>\n<p><strong>\u00a0<\/strong><\/p>\n","protected":false},"excerpt":{"rendered":"<p>N\u00e9crologe : novembre \/ Necrology : november 11980 Jean TH\u00c9PAUT 1986 Leo OP &lsquo;t HOOG 2001 Michael J ROONEY \u00a021962 John M MONAHAN 1962 Andr\u00e9 HOMMA 1986 Pierre KNOPS&#8230;<\/p>\n","protected":false},"author":1,"featured_media":0,"parent":0,"menu_order":11,"comment_status":"open","ping_status":"closed","template":"","meta":{"footnotes":""},"class_list":["post-2281","page","type-page","status-publish","hentry"],"_links":{"self":[{"href":"https:\/\/www.defunts.smainternational.site\/index.php?rest_route=\/wp\/v2\/pages\/2281","targetHints":{"allow":["GET"]}}],"collection":[{"href":"https:\/\/www.defunts.smainternational.site\/index.php?rest_route=\/wp\/v2\/pages"}],"about":[{"href":"https:\/\/www.defunts.smainternational.site\/index.php?rest_route=\/wp\/v2\/types\/page"}],"author":[{"embeddable":true,"href":"https:\/\/www.defunts.smainternational.site\/index.php?rest_route=\/wp\/v2\/users\/1"}],"replies":[{"embeddable":true,"href":"https:\/\/www.defunts.smainternational.site\/index.php?rest_route=%2Fwp%2Fv2%2Fcomments&post=2281"}],"version-history":[{"count":6,"href":"https:\/\/www.defunts.smainternational.site\/index.php?rest_route=\/wp\/v2\/pages\/2281\/revisions"}],"predecessor-version":[{"id":5168,"href":"https:\/\/www.defunts.smainternational.site\/index.php?rest_route=\/wp\/v2\/pages\/2281\/revisions\/5168"}],"wp:attachment":[{"href":"https:\/\/www.defunts.smainternational.site\/index.php?rest_route=%2Fwp%2Fv2%2Fmedia&parent=2281"}],"curies":[{"name":"wp","href":"https:\/\/api.w.org\/{rel}","templated":true}]}}